mmon divisor of y and 336.
42
Let n = -4567 + 4651. What is the greatest common divisor of n and 350?
14
Suppose 0 = -3*p - 15, -4*f - 2*p + 9 = 75. Let s be f/21 + (-376)/(-6). Calculate the greatest common factor of s and 31.
31
Let y = -1703 + 1732. Suppose -2*l = -5*l + 42. Suppose 0 = l*s - 10*s - 1044. What is the greatest common factor of y and s?
29
Let b(o) = -3*o**2 - 2*o - 9. Let x be b(8). Let f = -35 - x. What is the highest common factor of f and 39?
13
Let a = -11 - -16. Let m = -2960 + 2940. Let h be (-875)/m - ((-15)/12)/a. Calculate the greatest common divisor of h and 11.
11
Let i = -8665 + 9536. Calculate the greatest common divisor of 536 and i.
67
Let f be (348*(-2)/(-9))/(1/6). What is the greatest common factor of 192 and f?
16
Let p be (503 - -6) + (-5 - 15)/(-5). What is the greatest common divisor of p and 18?
9
Let b be 7 + 20/(-5) - 1. Suppose b*p = -3*u + 507, -4*p - 314 - 193 = -3*u. What is the greatest common factor of 26 and u?
13
Suppose -12*o + 35 + 50 = -107. What is the highest common factor of 32176 and o?
16
Let w(n) = 2*n**3 - 6*n**2 + 33*n - 119. Let v be w(4). Let g be 4/(-12) + (-2432)/(-6). What is the greatest common divisor of g and v?
45
Let d be 2 + (-6 - (1 + 3 + -3)) + 3604. What is the highest common divisor of d and 122?
61
Let c(f) = -177*f + 2202. Let l be c(12). Let q(r) = 12*r**2 - 2*r + 22. Let m be q(-7). What is the greatest common divisor of m and l?
78
Let s = 591 - 474. Let c = s - 75. Calculate the highest common factor of c and 350.
14
Suppose -c + 72 = c. Let n = -13220 + 13244. Calculate the greatest common factor of c and n.
12
Suppose 37*o - 134 = 39*o. Let a = 116 + o. Let i = 0 + a. What is the highest common factor of i and 7?
7
Suppose 3*m + 5*b = b + 14, 5*m - 5*b + 35 = 0. Let u be (-2 - m) + (6 - 379). Let t = -184 - u. Calculate the highest common divisor of t and 21.
21
Let d(b) = 2*b**3 + 9*b**2 + 38*b + 102. Let h be d(-3). Calculate the highest common divisor of h and 9330.
15
Suppose 3*k = g - 18, g + 3 = -4*k - 0*k. Suppose -6*t - 15 = -g*t. Suppose -5*f - 2*b + 18 = -4*b, 5*f - b = 14. What is the greatest common factor of t and f?
1
Suppose -2*b + d + 23 + 44 = 0, 5*b - 195 = -3*d. Calculate the greatest common divisor of 423 and b.
9
Let o = 9 + 14. Suppose 7*y + 2*s = 3*y - 724, -3*y + 4*s = 543. Let g = 342 + y. What is the greatest common divisor of o and g?
23
Let v(n) = -n**3 + 8*n**2 - 5*n - 9. Let g be v(6). Let k be 4/10 + (-7252)/(-20)*1. What is the highest common factor of g and k?
33
Suppose 0 = 3*o + 2*c - 0 + 8, 4*c + 4 = 0. Let s be (1 - 56)/(1/(-3 - o)). Calculate the highest common factor of s and 440.
55
Suppose 112 = 3*v + 97, -2*q - 3*v + 35 = 0. Calculate the greatest common factor of 2455 and q.
5
Let f be (-10 + 11)*-1*52. Let w = 96 + f. Suppose -7 - 1 = -2*k. Calculate the greatest common factor of k and w.
4
Let z(j) = -j**2 + 19*j + 2904. Let w be z(63). Calculate the greatest common factor of 18 and w.
6
Let n = 4661 - 4642. Calculate the greatest common factor of n and 1216.
19
Suppose -5*h - 22*k + 23*k + 116117 = 0, -3*h - 5*k = -69631. What is the highest common divisor of 17 and h?
17
Let q = -1421 + 1493. Let w = 44 - -12. Suppose -w = -n - 2*m, n - m = 4*n - 148. Calculate the highest common divisor of n and q.
24
Suppose 3*c = 2*i, 14 = 4*i - i - c. Suppose 0 = 4*g + 2*l - 44, l - i*l = 3*g - 26. Calculate the highest common divisor of g and 24.
12
Suppose 0 = 4*f - 697 - 12443. What is the greatest common factor of f and 45?
45
Let h(j) = -j**3 - 6*j**2 - 4*j - 9. Let m be h(-6). Let f(x) = -34*x**2 + 347*x + 5. Let l be f(10). What is the highest common factor of m and l?
15
Let s = -1694 - -1724. Calculate the greatest common factor of s and 1010.
10
Let w be (57/6)/(-19) - 933/2. Let x = w + 555. What is the highest common divisor of 22 and x?
22
Suppose 73 - 24 = 7*b. Let a be -7 + b - (-1)/(3/150). Calculate the highest common divisor of 175 and a.
25
Let m be ((-81)/2)/((510/20)/(-51)). Calculate the greatest common factor of m and 12.
3
Suppose -2*v + 42 = -4*o + 10, 0 = 5*v - 5*o - 85. Suppose -2*h + 2*t = -5*h + 818, 12 = 3*t. Calculate the greatest common divisor of v and h.
18
Let p(y) = y + 4 - y**3 + 0*y**3 + 4*y**2 - 6*y. Let g be p(-4). Let o be (-2)/8*((-99)/9 + -65). Calculate the highest common factor of o and g.
19
Let z = -14918 + 15474. What is the greatest common divisor of z and 4?
4
Let a(r) = 4*r + 1. Let o be a(-8). Let i = 16 + o. Let t be (-44)/(-5) + (-4 - 63/i). What is the greatest common divisor of 27 and t?
9
Let b be 4/(1/1) + -1. Let t = -890 - -308. Let m = t + 584. What is the highest common factor of b and m?
1
Let h(i) = -i**2 - i + 36. Let w be h(0). Suppose 0 = -5*s - 4*k + 50, -20*s + 16*s + 4*k = -112. Calculate the highest common divisor of w and s.
18
Let x = -9459 + 12341. Calculate the greatest common factor of x and 1834.
262
Let m = -58 - -87. Suppose 206 + 142 = 6*x. Calculate the greatest common divisor of x and m.
29
Let i be 6/(-12) + 4 + 268/8. Let s = -13 + i. What is the highest common divisor of 3 and s?
3
Let x = 3380 - 1847. What is the highest common factor of x and 105?
21
Let b = 4 + 10. Let j(t) = t**3 - 12*t**2 + 27*t + 12. Let k be j(8). Let n = k + 30. Calculate the highest common divisor of n and b.
2
Let o(j) = 7*j - 1. Let l be o(1). Suppose 0 = 4*x - 4, 0 = -0*r - 2*r + 9*x + 23. What is the greatest common factor of r and l?
2
Suppose v + 2*m = 398 + 10, -5*v - 2*m + 1992 = 0. Let z = 19 - 1. Calculate the greatest common divisor of z and v.
18
Suppose -11*a = -435 - 269. Suppose 0 = -y - 2*r + a + 82, 5*r = y - 174. Calculate the greatest common factor of y and 66.
22
Let h(z) = 6630*z - 212078. Let s be h(32). Suppose -4*p + 3*u + 1633 + 3618 = 0, -u = 2*p - 2623. Calculate the greatest common factor of s and p.
82
Suppose r = 4*r - 3, 3*m - 516 = -3*r. Suppose -2*f + 33*f - 2986 - 548 = 0. What is the highest common divisor of f and m?
57
Let a(i) = 5*i**3 - 4*i**2 - 1. Let p be a(3). Let f be (2 - 100)*(-3)/6. Calculate the highest common divisor of f and p.
49
Let b = 762 + -672. Let z(g) = -g**2 + 19*g + 18. Let r be z(18). Calculate the greatest common divisor of r and b.
18
Let h be (-2*(-1)/4)/((-4)/(-7632)). Suppose -9*s + 0*s + h = 0. Let t = s - 91. Calculate the highest common factor of t and 5.
5
Let q(d) = d**3 - 36*d**2 + 34*d + 40. Let g be q(35). Suppose 8*n - 128 = -c + 6*n, 4*c - g*n - 512 = 0. What is the greatest common divisor of 8 and c?
8
Suppose 3*o = -3*g + 954, -3*o = 2*g - 108 - 847. Calculate the greatest common divisor of o and 667.
29
Let p(y) = 14*y**2 + 17*y - 323. Let a be p(17). What is the greatest common factor of a and 17?
17
Let d = 5924 + -5903. Calculate the highest common divisor of 2919 and d.
21
Suppose 5*d + 2*p = 1536, -2*d - 2*d = -5*p - 1242. Suppose -3*s = -1141 - d. What is the highest common divisor of s and 21?
21
Let p be -22*3*(39/(-9) + -2). Let z = p + -222. Calculate the highest common factor of z and 4.
4
Let k(d) = 5*d - 4. Suppose -7*w + 4*b = -8*w + 22, 2*b - 4 = 3*w. Let r be k(w). Calculate the greatest common divisor of 3 and r.
3
Suppose 40*t = 26*t - 2*t + 3968. Calculate the highest common factor of 310 and t.
62
Let i(o) = 24*o**2 + 184*o + 56. Let x be i(-14). Calculate the highest common factor of x and 13.
13
Let b(d) = d**3 + d**2 - d + 2. Let q be b(0). Let c be (104/2 + q)*(-100)/(-30). What is the highest common divisor of 30 and c?
30
Let j(d) be the first derivative of -65*d**2/2 - 2*d + 87. Let g be j(-1). What is the highest common divisor of g and 105?
21
Suppose 3*j - 8515 = -5*t + 2821, 4*j + 5*t - 15118 = 0. What is the highest common divisor of 124 and j?
62
Suppose 9*v - 36 = -9*v. Let r be (v + 5/(-2))/((-6)/216). Suppose -4 = u - 0*u, -512 = -4*n + 2*u. Calculate the highest common divisor of n and r.
18
Let w be ((-8)/6 + 1)/((-29)/3045). Suppose -43*r = -w*r - 32. Calculate the highest common factor of r and 14.
2
Let k = 12267 + -12207. Calculate the highest common divisor of k and 1590.
30
Let b(j) = -11*j**3 - 19*j**2 - 25*j - 407. Let r be b(-14). Calculate the greatest common factor of r and 39.
39
Suppose -4*z + g + 22 = 0, 3*g = 19 - 13. Suppose z*j - 9